culate the highest common factor of 46 and c.
46
Let d be 2/(5/((-30)/(-4))). Let x(b) = b**2 + b - 4. Let j be x(d). What is the greatest common divisor of j and 24?
8
Let d(p) = -p**3 - 26*p**2 - 2*p + 113. Let x be d(-27). What is the highest common factor of x and 56?
56
Let p be 13/(819/22509) - 2/7. Calculate the greatest common factor of p and 204.
51
Suppose -5*w + 2*z = -0*z + 10, 5*z = 4*w + 25. Let l(j) = -j**2 + 3*j + 11. Let r be l(w). What is the highest common factor of 22 and r?
11
Let h = 13 - 37. Let b be (-144)/(-27)*60/(-8). Let z be (-1 - -6)*h/b. Calculate the greatest common divisor of z and 21.
3
Suppose -1018 = -5*v - 303. Calculate the highest common factor of v and 13.
13
Let z(d) = -3*d**2 - 41*d + 29. Let n be z(-14). Let t be ((-3)/2)/((-4)/280). What is the highest common factor of t and n?
15
Let a(s) = -16*s - 494. Let m be a(-39). Calculate the highest common divisor of m and 78.
26
Suppose 0 = -4*n + 96 - 28. Suppose 4*z - n = 19. Let h be 295/3 - (-10)/15. What is the greatest common factor of h and z?
9
Suppose w - 36 = -3*r, 0*w + w - 4*r = 15. Let p = -7 + 41. Let k = p - w. Calculate the greatest common divisor of 1 and k.
1
Let k be 29 + 6 + (-5)/1. What is the highest common factor of 330 and k?
30
Suppose -777 - 288 = -71*g. Calculate the highest common divisor of 2025 and g.
15
Let c be 25 - (-4 - (-1 - 2))*-3. Suppose 4*r - 5*g + 4*g - 16 = 0, -5*r + 20 = 5*g. Let p be (12/15)/(r/110). Calculate the highest common factor of p and c.
22
Let h(m) = 2*m**2 + 109*m - 174. Let f be h(-59). Calculate the greatest common divisor of f and 51.
51
Suppose f + 8*q - 3*q - 96 = 0, -4*q = 3*f - 266. Let y = f + -81. Calculate the highest common divisor of 55 and y.
5
Let x(g) = -3*g - 22. Let i be x(-7). Let l be i + -4 + 23/1. Calculate the greatest common factor of l and 54.
18
Suppose 10*a + 7 = 3*a. Let j be (-1)/a - -3*8/12. Calculate the highest common divisor of 51 and j.
3
Let t(f) = f**2 + 2. Let c be t(-2). Let i(s) be the first derivative of -s**2/2 + 19*s + 26. Let a be i(c). What is the greatest common divisor of a and 65?
13
Suppose -5*q = 206 - 51. Let i = q + 63. Let u = -288 - -640. What is the highest common factor of u and i?
32
Suppose 5*n + 25 = 0, -5*w - 4*n + 104 = -201. What is the greatest common factor of 5 and w?
5
Let r = -249 + 255. Calculate the highest common factor of r and 6.
6
Let q = -30 + 50. Suppose 4*x - 2*d + d = 84, -q = -2*x - 5*d. Calculate the highest common factor of 10 and x.
10
Let f be 5 - (1 - (1 - -1)). Let o(v) = -27*v + 2. Let k be o(-1). Let m = k + -11. Calculate the highest common factor of m and f.
6
Suppose -93 - 9 = 3*g. Let p = -33 - g. Let o(c) = -c. Let y be o(-1). What is the highest common factor of p and y?
1
Suppose 33 = 3*v - j, v = -0*v - 5*j + 27. What is the highest common factor of 174 and v?
6
Let y be (-224)/12*(-18)/7 + -1. Suppose -y = 7*n - 236. What is the greatest common factor of 216 and n?
27
Let l(n) = -n**3 + n**2 + 3*n + 1. Let m be l(3). Let j be 1/2 + 19*(-84)/m. What is the highest common factor of j and 25?
25
Let k be 2178/30 + 27/(-45). What is the highest common factor of k and 16?
8
Let t(a) = a**3 - a**2 - 1. Suppose 0*m = -3*m + 9. Let c be t(m). Let b = 239 + -86. Calculate the highest common factor of c and b.
17
Let p(n) = -324*n - 677. Let b be p(-3). Calculate the highest common divisor of 531 and b.
59
Let u(k) = -k**3 - 7*k**2 - 6*k + 14. Suppose -3*t + 6 = -4*t. Let f be u(t). What is the greatest common factor of f and 112?
14
Suppose 4*r - 85 = 143. What is the greatest common divisor of 95 and r?
19
Let f be (6/9)/((-15)/(-180)). What is the highest common factor of 4 and f?
4
Let g(l) = -l**3 - 8*l**2 + 8*l - 1. Let u be g(-9). Let w be (u - 11)*(-4)/3. Calculate the greatest common divisor of w and 1.
1
Let z = 188 - 122. Let n be 6/(-6) + (-3)/(-1). Suppose 4*u - n*t = 18, -4*u + t = -3*u - 3. Calculate the greatest common factor of u and z.
6
Let p = 1334 - 1311. Calculate the greatest common factor of 1 and p.
1
Suppose 4200 = -43*n + 143*n. What is the highest common divisor of n and 112?
14
Let w be -1*(5 - 4)*(-25 - -5). What is the greatest common divisor of 25 and w?
5
Let i(w) = w**3 - 2*w**2 - 3*w - 3. Suppose -5*s - 8 = -28. Let x be i(s). What is the greatest common divisor of x and 119?
17
Let u be 9/(-1) - (-13 + 14). Let x be u/45 + (-222)/(-27). What is the highest common factor of x and 40?
8
Let p(h) = -8*h - 27. Let n be p(-5). What is the highest common factor of n and 52?
13
Let m be (-18*1/2)/(-3). Suppose 0 = 4*g + 3*x - 8, -g - 4*g + 5*x + 45 = 0. Suppose -g = 5*f - 10. What is the highest common divisor of m and f?
1
Suppose -48 + 364 = 4*v. Let y = v - -338. Let c be (-3)/(y/(-102) - -4). Calculate the greatest common divisor of c and 85.
17
Let o = 16 + 34. Suppose -310 = -10*i + o. Calculate the greatest common divisor of 8 and i.
4
Let i(h) = -12*h - 5. Let c be 8/20*(-8 + -2). Let j(z) = 13*z + 4. Let d(b) = c*i(b) - 3*j(b). Let s be d(8). What is the highest common divisor of 32 and s?
16
Suppose 9 + 68 = -h. Suppose 0*b - 4*b = 220. Let r = b - h. What is the highest common divisor of r and 66?
22
Let q = 35 - 35. Suppose -o + 3*p + 48 = 0, 3*o = -q*o - 3*p + 108. What is the highest common divisor of o and 312?
39
Let n(l) = 82*l + 3. Let t be n(-1). Let s = t - -164. Calculate the greatest common factor of 34 and s.
17
Suppose -9*s - 3*z + 703 + 458 = 0, 3*s - 399 = -5*z. Calculate the greatest common factor of 2368 and s.
64
Let t = -923 - -1109. What is the highest common divisor of t and 2?
2
Let o = -128 + 214. Calculate the greatest common factor of 172 and o.
86
Suppose -3*u = -4*v + 101, 4*v + v + 5*u = 100. Let g = 5 + -28. Let h be g/(-3)*(7 + -4). What is the greatest common factor of h and v?
23
Let x(q) = 6*q - 39. Let o be x(10). What is the highest common factor of 42 and o?
21
Suppose -25*s - 3 = -553. Let o = 13 + -18. Let b be (o/(-3))/(2/66). Calculate the greatest common divisor of s and b.
11
Let h be (3/6)/((9/(-6))/3). Let m be -2 + (-22 - (-3 - -5)). Let z be ((-1)/(-2))/h*m. Calculate the highest common factor of 13 and z.
13
Let o = 43026 - 43020. Let u(d) = -4*d. Let s be u(-2). What is the highest common divisor of s and o?
2
Suppose 10 = 9*a - 4*a. Let t(s) = s. Let o(x) = 14*x + 1. Let l(u) = -o(u) - 5*t(u). Let i be l(-1). Calculate the highest common factor of a and i.
2
Let x(b) = 3*b**2 - b. Let r be x(1). Let y = 25 - 21. Suppose r*c + 32 = y*c. What is the highest common divisor of 2 and c?
2
Let b(u) = u**2 - u. Let k(o) = 5*o**2 - 13*o + 10. Let r(d) = -6*b(d) + k(d). Let c be r(-6). What is the greatest common divisor of c and 64?
16
Suppose -47 = -5*b + 23. Let h(l) = 6*l**2 - 4*l. Suppose 6*t - t = 3*v + 22, 5*v + 22 = t. Let n be h(v). Calculate the highest common divisor of n and b.
14
Suppose 0 = j - 6 - 14. Suppose 4*m - 8 = -4*a, -m + 12 = -4*a - 0*a. Calculate the highest common divisor of j and m.
4
Let y be ((-54)/(-6))/(1 - 3/(-6)). Let k be 8 - (5 - y - 4). What is the greatest common divisor of k and 143?
13
Suppose -i + 16 + 40 = 0. What is the highest common divisor of i and 196?
28
Let j(b) = 1. Let g(f) = 8*f**2 + f - 6. Let v(w) = g(w) + 4*j(w). Let k be v(1). Suppose k*i = i + 156. What is the greatest common factor of 52 and i?
26
Let c be (193 + -18)/((-1*2)/(-2)). Calculate the highest common factor of c and 105.
35
Suppose 3*d = -1 + 16, 45 = 5*i + 3*d. Let h = 4 - i. Let r(s) = -s**3 + 3*s**2 + 3*s. Let g be r(h). What is the highest common factor of g and 154?
14
Let k = -11 + 15. Suppose k*b = -b + 175. Let h be ((-2)/(-1))/(2/b). Calculate the highest common divisor of h and 7.
7
Let b(m) = 3*m - 42. Let v be b(17). Let t be (-1)/((2/3)/(-2)). Calculate the highest common factor of t and v.
3
Suppose 2720 = 48*d - 40*d. What is the greatest common divisor of d and 80?
20
Let i be 9/(-45) - 241/(-5). Calculate the highest common divisor of i and 432.
48
Suppose 5*w - 4*k = -8, 6*k - 3*k - 6 = -2*w. Suppose w = -8*u + 4*u + 80. Let i = 146 - u. Calculate the greatest common factor of i and 14.
14
Suppose -5*w + 3*r = -68, r + 27 = -w + 3*w. Suppose 14*c = w*c + 374. Calculate the highest common factor of c and